-75d01?
75c4b
In base 16, what is 1cc4 - 192f?
395
In base 9, what is -3 - -11884088?
11884085
In base 15, what is -5d664 + -3dd?
-5da52
In base 9, what is 436 - -28213?
28650
In base 2, what is -10101110111010 + 111001001100?
-1110101101110
In base 8, what is -3405 - 125?
-3532
In base 9, what is 288438 - 76?
288352
In base 5, what is -10 - -2310343144?
2310343134
In base 6, what is 3 - -4354001215?
4354001222
In base 15, what is -e026c1d + 3?
-e026c1a
In base 11, what is -897 + -79850?
-7a637
In base 2, what is 10110010110111 + 110101101001?
11101000100000
In base 16, what is -cf - -2b03e?
2af6f
In base 2, what is -10001000000100110 - -1010110000110?
-1111101010100000
In base 5, what is 11021314 - -1111?
11022430
In base 2, what is 1101000011000101011001 + -10?
1101000011000101010111
In base 13, what is 4 + 362223c?
3622243
In base 12, what is 62 - -7b67a3?
7b6845
In base 12, what is 8 - -1538739?
1538745
In base 7, what is -456 + -160435?
-161224
In base 9, what is 437 + 124216?
124654
In base 8, what is 365446 - -42?
365510
In base 11, what is 268 + 11897?
12054
In base 6, what is -1242 + 4451550?
4450304
In base 8, what is 251410627 - -3?
251410632
In base 5, what is 13040414 - 401?
13040013
In base 13, what is 4 - 3700b53b?
-3700b537
In base 6, what is 2434132 - 14?
2434114
In base 14, what is -c8 - cb20?
-cc08
In base 6, what is -2 + 12004411200?
12004411154
In base 7, what is -6042642 - -6?
-6042633
In base 15, what is -7 + b6959?
b6952
In base 6, what is 130532 + -40?
130452
In base 15, what is 540 - 16395?
-15d55
In base 13, what is -3b1a813 - -4?
-3b1a80c
In base 16, what is -647fb - -bb?
-64740
In base 9, what is -1312083 + 18?
-1312064
In base 5, what is 313204 - -133021?
1001230
In base 7, what is -161 - 30152?
-30343
In base 5, what is 11300233 + -4101?
11241132
In base 14, what is 53251a4 + 3?
53251a7
In base 14, what is -ca6 - -2433?
156b
In base 8, what is -10 + 14014506?
14014476
In base 2, what is 100110100110010101001101 - 1?
100110100110010101001100
In base 4, what is 2230 + 12033313022?
12033321312
In base 5, what is 41304420140 - -11?
41304420201
In base 15, what is 132 + -1d578d?
-1d565b
In base 13, what is 11c + -9554?
-9435
In base 16, what is 137ac2 - 3?
137abf
In base 2, what is 1 + 10000110010111010101111010?
10000110010111010101111011
In base 13, what is -85 - 16c56?
-1700b
In base 7, what is 11 - -241121016?
241121030
In base 4, what is -2 - 21332220322?
-21332220330
In base 7, what is -15360 + -6532?
-25222
In base 5, what is 402341430 - 31?
402341344
In base 2, what is 101010010000111000 - 11000101?
101010001101110011
In base 3, what is -2012210120000210 - 12?
-2012210120000222
In base 7, what is 13633350 - -220?
13633600
In base 5, what is -121 - 13320334?
-13321010
In base 3, what is 2211 - -20022222111020?
20022222121001
In base 6, what is 5125 + -322?
4403
In base 12, what is 285 + -12585?
-12300
In base 8, what is 27443 + -135?
27306
In base 6, what is -402101030 + 2?
-402101024
In base 5, what is -4341 + 440343?
431002
In base 16, what is -bdb485 + -3?
-bdb488
In base 9, what is 53 + -8182641?
-8182577
In base 6, what is -12 + 1122333124?
1122333112
In base 8, what is 1176025 - 60?
1175745
In base 10, what is 1281860096 + 3?
1281860099
In base 9, what is 6538 + 6468?
14117
In base 7, what is 2451605 + 224?
2452132
In base 13, what is 3 + a1b0400?
a1b0403
In base 16, what is -123 + -2d264?
-2d387
In base 12, what is 6 - -50a634?
50a63a
In base 12, what is a0 + -55b290?
-55b1b0
In base 12, what is -1154a - -166?
-113a4
In base 14, what is -10 + -1a2343?
-1a2353
In base 5, what is 4312203 - -112?
4312320
In base 10, what is -33 + 66540?
66507
In base 4, what is 231 - -111111311210?
111111312101
In base 14, what is -218836 + 17?
-21881d
In base 12, what is -188353 + 79?
-188296
In base 16, what is -5 + -c7a48e?
-c7a493
In base 15, what is -43c194 + -1?
-43c195
In base 9, what is 61856042 - 0?
61856042
In base 9, what is -24568 - -865?
-23603
In base 9, what is -2 + 28755745?
28755743
In base 10, what is 708798 + -17?
708781
In base 10, what is -19790 - 242?
-20032
In base 8, what is 1274270 + -12?
1274256
In base 14, what is -a914 - -3b54?
-6ba0
In base 11, what is -2316257 - 3?
-231625a
In base 13, what is 1484 + -86b04?
-85650
In base 12, what is -4 - 22354a?
-223552
In base 11, what is -52 + -408a53?
-408aa5
In base 9, what is -24 - 640606?
-640631
In base 9, what is -6631720 + 356?
-6631353
In base 10, what is -18156209 + 0?
-18156209
In base 12, what is 113 + 2a1857?
2a196a
In base 3, what is 2202102 - 1000001?
1202101
In base 4, what is 113031 + -1113022?
-333331
In base 3, what is -12020221200 + -112?
-12020222012
In base 16, what is b57ced - 0?
b57ced
In base 4, what is 313011013330 + 10?
313011020000
In base 10, what is -17 + -825528?
-825545
In base 4, what is -2331132201 - 10?
-2331132211
In base 3, what is 101010 + 102211110120?
102211211200
In base 15, what is bd873d - -3?
bd8741
In base 8, what is -5466 + 17476?
12010
In base 2, what is 1010100 + -100010100100111100010?
-100010100100110001110
In base 13, what is 1c336 + 34?
1c36a
In base 15, what is 15a - -152cb5?
152e20
In base 11, what is -18 + 225170?
225153
In base 15, what is -114 - -106db?
105c7
In base 5, what is -3223 - 4220?
-12443
In base 5, what is 1012313 + -2400013?
-1332200
In base 7, what is -346435341 - -14?
-346435324
In base 5, what is -12200104 - -223?
-12144331
In base 6, what is 30 + -2302403333?
-2302403303
In base 4, what is -233211232 - 1012?
-233212310
In base 9, what is 4562755 - 5?
4562750
In base 16, what is -1952 + 43fc?
2aaa
In base 16, what is -7 - 921cdf?
-921ce6
In base 9, what is 234 + -11863?
-11628
In base 5, what is -1 + -3341022?
-3341023
In base 16, what is -d2b4ea - -a?
-d2b4e0
In base 15, what is 4 - -2482c846?
2482c84a
In base 8, what is 3516260 - 116?
3516142
In base 9, what is -515302 - -35?
-515256
In base 10, what is 50263 + -13?
50250
In base 12, what is -29 - 22194?
-22201
In base 11, what is -484846 - -182?
-484674
In base 14, what is -56d + 23d1?
1c62
In base 9, what is -3038 - -135836?
132787
In base 15, what is -5be + 2ddb?
281c
In base 4, what is -11 + -1221011032200?
-1221011032211
In base 15, what is 2 + -88b1879?
-88b1877
In base 9, what is 2268333 - -433?
2268766
In base 6, what is -3 + 100404351122?
100404351115
In base 5, what is -12134 + 113442?
101303
In base 10, what is -11129843 - -9?
-11129834
In base 10, what is -364469 + 17?
-364452
In base 10, what is 1 + 11442692?
11442693
In base 16, what is 5b728 + -4c?
5b6dc
In base 10, what is -152754 - -248?
-152506
In base 4, what is -132030 - -22120213?
21322123
In base 14, what is -3729 + -2da?
-3a25
In base 16, what is 9 - -c1e77?
c1e80
In base 6, what is -2 + -1421220440?
-1421220442
In base 4, what is 1331 + 12023010133?
12023012130
In base 2, what is -1110101110011010000001000 - 101?
-1110101110011010000001101
In base 5, what is -32432 - 11100040?
-11133022
In base 10, what is -182 + 10073?
9891
In base 2, what is -10011110111110101 + 11001100110?
-10011011110001111
In base 9, what is -1 + 11680013?
11680012
In base 10, what is 6 + -7576853?
-7576847
In base 14, what is -10a + 1b0b9?
1adad
In base 14, what is 3b60c - -1c2?
3b7d0
In base 9, what is 14 + -11046728?
-11046714
In base 4, what is 200001101301032 - 3?
200001101301023
In base 10, what is -286 + 72258?
71972
In base 8, what is 0 - -203514624?
203514624
In base 9, what is 4 + -50447002?
-50446887
In base 3, what is 12 - -1120200210202?
1120200210221
In base 6, what is -105243150 + -1?
-105243151
In base 7, what is 10022452 + -625?
10021524
In base 12, what is -159 - -37b3b2?
37b255
In base 10, what is 200 + -116664?
-116464
In base 7, what is 51 + 31335440?
31335521
In base 13, what is 30cbb514 + 2?
30cbb516
In base 5, what is -2 + -101030410?
-101030412
In base 11, what is -35735 + 3036?
-326aa
In base 9, what is 5 + 10677634?
10677640
In base 8, what is 3 + -411742175?
-411742172
In base 3, what is -211 + -110120020000200?
-110120020001111
In base 4, what is -132001 + 111221123?
111023122
In base 4, what is 330332 - -1331100?
2322032
In base 8, what is 112 + -51644?
-51532
In base 13, what is -181bba + -27c?
-182169
In base 9, what is -3753626 - 1?
-3753627
In base 2,